 - 612. What is the highest common divisor of 36 and l?
18
Let z(a) = a + 7. Let r be z(-9). Let u be 7044/20 - r/(-10). Suppose 0 = 5*m - i - u, 5*i - 340 = -7*m + 2*m. Calculate the highest common divisor of m and 28.
14
Suppose 4*j = 5*u + 200, 2*j + 2*u = 6*j - 188. Let c = 49 - j. Calculate the greatest common factor of c and 16.
4
Let g be (1 - -2)/((-36)/(-24)). Suppose 5*q = -2*h + 55, -4*h = -5*q - g*h + 75. What is the greatest common factor of q and 39?
13
Let k be (112/72)/(2/18) + 2. What is the greatest common factor of 176 and k?
16
Let h = 900 - 852. Let z(n) = -n**3 + 9*n**2 - 10*n + 2. Let d be z(8). Let a = d + 26. What is the highest common factor of h and a?
12
Let n(s) = 3*s**2 + 5*s - 20. Let j be n(5). Calculate the greatest common divisor of j and 200.
40
Let c be (-1 + 3)*1 + 1. Suppose -c*g = -2*o + 4, 0*o = -o + 5. Let m be (-1)/g*-2 + 0. Calculate the greatest common factor of m and 6.
1
Let t(v) = v - 2. Let d be t(10). Let a be 206/d + 1/4. What is the greatest common factor of a and 26?
26
Suppose 4*v = 9*v + 85. Let s = v - -27. What is the highest common divisor of s and 30?
10
Suppose 0*p - 3*p + 48 = 0. Let r = 317 + 13. Suppose 3*n + g - 235 = 0, -r = -4*n + g + g. What is the greatest common factor of p and n?
16
Let j = -256 - -310. Calculate the highest common factor of 198 and j.
18
Suppose 7*k - 5*k + 5*q - 423 = 0, 244 = k - 4*q. Let u = 6 + 8. What is the greatest common factor of u and k?
14
Let d(b) = b**3 - 15*b**2 + 7*b - 35. Let p be d(15). Suppose -11*v = -4*v - p. Calculate the greatest common factor of 50 and v.
10
Let o(s) be the first derivative of 4*s**3/3 - 17*s**2 + 7*s + 2. Let v be o(9). Let q = -84 + 284. Calculate the highest common factor of v and q.
25
Suppose -2*c = 114 + 78. Let j = c - -103. What is the greatest common divisor of 56 and j?
7
Let i be 8 - 1 - (4 + -2). Let a = -8 - -11. Suppose 4*f - i*u = 19, -a*u + 31 = f + u. What is the highest common divisor of f and 1?
1
Suppose 0 = -0*r + r - 20. Let m = -17 + r. Suppose 0 = -2*b - m*t, -b + t + 4 = -1. Calculate the highest common factor of 6 and b.
3
Suppose 5*s + 39 = -u, -2*s = -7*s + 2*u - 42. Let r be s/10 - (-12)/15. Suppose n = 1 - r. Calculate the greatest common factor of 1 and n.
1
Suppose 208 = 5*a - 4*z, 2*z - 76 = 123*a - 125*a. Calculate the highest common factor of a and 1960.
40
Suppose 0 = -8*z + 11*z + 15, -h - 2*z = -2210. What is the greatest common divisor of 60 and h?
60
Let g be (-1)/(-6) + (-1150)/(-300). Calculate the greatest common factor of 114 and g.
2
Let c be 661 + (-3)/(2/((-10)/(-15))). What is the highest common factor of c and 33?
33
Let m be -1*(4/(-4) + 0). Let p be ((-10)/(-25))/(m/270). What is the highest common factor of 12 and p?
12
Let a be (6/(-4))/(3/4). Let z(v) = -4*v**3 - 4*v**2 - 6*v - 7. Let q be z(a). Calculate the greatest common divisor of q and 105.
21
Let f(o) = -8*o - 63. Let g be f(-8). Let u be 7 + 4 + -2 - g*-4. What is the highest common factor of u and 39?
13
Suppose 0 = 4*j - a + 27, -a - 1 = 2*j + 8. Let m = 13 + j. Suppose -6*h = -m*h + 27. What is the greatest common divisor of 9 and h?
9
Let c = -22 + 28. Let v be 18 - (c/(-9))/((-2)/(-6)). Calculate the highest common divisor of 20 and v.
20
Suppose 37 = 5*p + 217. Let x = 18 - p. What is the highest common factor of 18 and x?
18
Let i(a) = a**3 + 6*a**2 - 17*a - 10. Let g be i(-7). Let x be -1 - (-4 - -3) - -30. Calculate the highest common factor of x and g.
30
Let c be (54/27)/((-1)/(-14)). Calculate the highest common factor of 140 and c.
28
Let u(o) = 7*o + 0*o + 3*o + o**2 - 6*o + 4. Let m be u(-4). Suppose 2*k - m*l = 32 - 6, 2*l + 41 = 5*k. What is the greatest common divisor of k and 1?
1
Let x = -1309 + 2001. Calculate the greatest common factor of 8 and x.
4
Let g = 14 - 17. Let w be 6*((1 - g) + 1). What is the greatest common factor of w and 15?
15
Let m(i) = i + 22. Let b = 19 - 28. Let s be m(b). What is the greatest common divisor of 39 and s?
13
Suppose 2*t + 125 = 1. Let m = t - -157. Let h = -53 + m. Calculate the greatest common divisor of 7 and h.
7
Let p = 24 - 7. Suppose k + k + 3*n - p = 0, -15 = -3*k - n. Suppose 2*f - 5*f = -k*w - 144, 223 = 5*f - w. Calculate the greatest common factor of f and 11.
11
Suppose -5380 + 1714 = -47*n. Calculate the highest common factor of 286 and n.
26
Let y = -20 - -23. Suppose -2 - y = -t. Let r(j) = -j**3 + 6*j**2 - 2*j - 4. Let i be r(t). Calculate the greatest common factor of 99 and i.
11
Let l = -18 - -12. Let z be 4/l*(-1 - 2). Let s be (z/4)/((-4)/(-120)). Calculate the highest common divisor of s and 6.
3
Let o be -6*(4/3 + -3). Suppose 0*p - o = -2*p. Suppose -1 - p = -3*m. What is the greatest common factor of 18 and m?
2
Let n(s) = 6*s**3 - s**2 + s - 2. Let j be n(1). Suppose 2*b - p - 67 = 0, -j*b = 3*p - 28 - 81. What is the greatest common divisor of 124 and b?
31
Suppose 0*v - 330 = -6*v. Let g be v - (-30)/5 - (-3)/1. Calculate the greatest common divisor of g and 16.
16
Let s be 67*-3*(-2)/6. Suppose -4*p - 1 = -0*x + x, -x + 8 = -5*p. Suppose -5*j - 7 + s = 4*m, -2*m + x*j = -52. What is the highest common divisor of 8 and m?
4
Let o(y) = 15*y + 2. Let v be o(6). Let h be 0 - (3/1 - v). Let t = 161 - h. Calculate the highest common divisor of 9 and t.
9
Suppose 4*a - 5*w = 6*a - 7, -5*a = -3*w - 64. Calculate the greatest common factor of a and 253.
11
Suppose 0 = -101*i + 46 + 55. Let d(h) = -h**3 - 3*h**2 - 2*h + 2. Let y be d(-2). What is the highest common divisor of y and i?
1
Suppose 4*a + 17 - 1 = 0. Let t(z) = -48*z - 5. Let f be t(a). Let x = -50 - -67. What is the greatest common divisor of f and x?
17
Suppose -50 = -9*o + 4*o. Let k = o + -9. Let h be (3 - k) + (26 - 4). What is the greatest common factor of 16 and h?
8
Let w be (72/(-27) + 3)*360. What is the greatest common factor of w and 144?
24
Let y(a) = -a**2 + 14*a - 10. Let t be y(14). Let i be (-2)/11 - 60/33. Let w be ((-72)/t)/(i/(-10)). Calculate the highest common factor of w and 18.
18
Let p be 26/(-39) + 508/(-3). Let b be p/(-7) + 2/(-7). Calculate the greatest common factor of b and 72.
24
Suppose -2*m + 150 = 3*j + m, 0 = 4*j - 5*m - 209. Suppose -48*v - 66 = -j*v. What is the greatest common factor of 11 and v?
11
Suppose -33 = -2*s - 2*n + 95, 5*n = -20. Calculate the greatest common factor of 32 and s.
4
Let b be 4*(-5 + 4) - -36. What is the greatest common divisor of 136 and b?
8
Suppose 64 = 18*n + 14*n. What is the highest common factor of n and 62?
2
Let k(j) = j**3 - 30*j**2 + 23*j + 238. Let o be k(29). What is the greatest common factor of 576 and o?
64
Suppose 80*m - 1776 = 32*m. What is the greatest common factor of m and 1?
1
Let a = 134 - 63. Let b = a + -44. Let x be (3 + 1)*18/8. Calculate the highest common divisor of b and x.
9
Suppose -1020 = -494*l + 488*l. What is the highest common divisor of l and 102?
34
Suppose -11*a + 1200 = -3607. What is the greatest common divisor of a and 19?
19
Suppose -k = x + 268, 3*x - k = 3*k - 839. Let l be (8/28)/((-3)/x). Calculate the highest common factor of 39 and l.
13
Let z be (-3 - 30/(-4))*2898/189. Calculate the greatest common divisor of 45 and z.
3
Let u be 57/(-9)*(-19 + 1). What is the greatest common divisor of 190 and u?
38
Let y be 8*3/6*(-45)/(-10). What is the highest common factor of 2 and y?
2
Let r(a) be the first derivative of a**3/3 + 4*a**2 + 6*a - 4. Let x be r(-8). Let f be 2*1 - (-28)/1. What is the greatest common factor of f and x?
6
Suppose 8111 = 3*v + 1214. What is the highest common divisor of v and 19?
19
Suppose 1 = 5*d + 6. Let w(z) = 20*z**2 - 3*z - 1. Let i be w(d). Let c = i + -15. What is the greatest common divisor of c and 56?
7
Let y = -196 - -252. What is the highest common divisor of 112 and y?
56
Suppose -94*j - 64 = -90*j. Let n = 25 + j. Let c = -2 - -3. Calculate the greatest common factor of c and n.
1
Suppose 71*z - 69*z = 10, -z - 961 = -2*r. Calculate the highest common divisor of 69 and r.
69
Suppose -3*t + 5 = -2*r + 6*r, 0 = -r - t. Suppose 10*m - 60 = r*m. Let c be (m/(-10))/((-36)/120). Calculate the highest common divisor of 20 and c.
4
Let l = 28 - 13. Let c be 5*(0 - (-24)/l). Suppose 3*a + 5*d + 35 = c*a, a - 9 = 2*d. What is the